t is 1 - 2?
-1
In base 3, what is 0 - -2211?
2211
In base 10, what is 1 - 4?
-3
In base 3, what is 212110 + -12?
212021
In base 13, what is 630 + -6?
627
In base 16, what is 13a - -1?
13b
In base 14, what is 41 - -1?
42
In base 6, what is -13 + 31?
14
In base 9, what is 348 + 5?
354
In base 6, what is 4 + -312?
-304
In base 12, what is 9 + 643?
650
In base 6, what is 1 + 123?
124
In base 3, what is -2022221111 - -1?
-2022221110
In base 11, what is -5 + -11?
-16
In base 6, what is 1010 + -1?
1005
In base 3, what is -11 + 1010?
222
In base 5, what is -1221 - -12?
-1204
In base 12, what is 202 - -30?
232
In base 12, what is -1a0 - -5?
-197
In base 14, what is -11 + -12?
-23
In base 12, what is 1 - 7?
-6
In base 9, what is -5 + -37?
-43
In base 13, what is 19 + 12?
2b
In base 3, what is -212020 - 10?
-212100
In base 11, what is a + 177?
186
In base 4, what is -13 - -113000?
112321
In base 12, what is 5 + 354?
359
In base 9, what is -146 + -6?
-153
In base 2, what is 111011110 - -101?
111100011
In base 6, what is -1232 - 0?
-1232
In base 6, what is 12 - 52?
-40
In base 5, what is 3 + -1002?
-444
In base 10, what is 176 - 8?
168
In base 2, what is 101 + -1010001111?
-1010001010
In base 10, what is 26 - 59?
-33
In base 9, what is -865 + 12?
-853
In base 11, what is 3a + 4?
43
In base 8, what is 3 - -5?
10
In base 5, what is -134 - 132?
-321
In base 5, what is -1 + -140?
-141
In base 7, what is -1005 + -1?
-1006
In base 12, what is -2500 - 0?
-2500
In base 11, what is -27 + 40?
14
In base 3, what is 110 + -10?
100
In base 15, what is -1483 + 1?
-1482
In base 13, what is 4 + -13?
-c
In base 5, what is 4 + 21401?
21410
In base 14, what is -3 + c?
9
In base 9, what is -2 - -166?
164
In base 14, what is 8b + -4?
87
In base 2, what is 101 + 10101010101?
10101011010
In base 4, what is -110321 + 100?
-110221
In base 5, what is 1342 - -10?
1402
In base 11, what is -33a - 3?
-342
In base 8, what is -4 - -156?
152
In base 7, what is 3 - 215?
-212
In base 5, what is 4004 - -2?
4011
In base 14, what is -1 + -8b?
-8c
In base 13, what is 22 - 161?
-13c
In base 4, what is -213201 + 1?
-213200
In base 16, what is -5 - -41c?
417
In base 15, what is -4 + b16?
b12
In base 3, what is 10220 - 12?
10201
In base 6, what is 1151 + 3?
1154
In base 3, what is -121201 + -22?
-122000
In base 13, what is -4 - -1740?
1739
In base 13, what is 2220 - 2?
221b
In base 10, what is 0 - -71?
71
In base 7, what is -1560 + 3?
-1554
In base 14, what is -5188 - 2?
-518a
In base 3, what is -10 - -1110121?
1110111
In base 13, what is 1 - -c?
10
In base 16, what is -106 - 0?
-106
In base 15, what is -1a3 - -4?
-19e
In base 14, what is 53 + -9?
48
In base 14, what is -1d5 - b?
-202
In base 13, what is -27b - 2?
-280
In base 2, what is 101 - 111001?
-110100
In base 9, what is -158 + -7?
-166
In base 15, what is 3 - -2d0?
2d3
In base 14, what is 0 - 78d?
-78d
In base 9, what is 5453 + -4?
5448
In base 11, what is 59 - 42?
17
In base 15, what is -24 - ca?
-ee
In base 15, what is -b - 73?
-7e
In base 14, what is -1 + 21?
20
In base 14, what is 2db + 0?
2db
In base 6, what is 5 - 12113?
-12104
In base 4, what is -21 + -30213?
-30300
In base 5, what is 10224 + -4?
10220
In base 15, what is -1 - 2586?
-2587
In base 3, what is 10 + 212?
222
In base 2, what is -1000 + 1100101?
1011101
In base 5, what is -200134 + -1?
-200140
In base 2, what is 10111111 + 0?
10111111
In base 2, what is 0 - 110000100?
-110000100
In base 9, what is -1 + -335?
-336
In base 6, what is -21 + 2352?
2331
In base 5, what is 0 - -242?
242
In base 4, what is -1110 - 10?
-1120
In base 7, what is -264 + 25?
-236
In base 9, what is -61 - 30?
-101
In base 6, what is 5 + 5301?
5310
In base 16, what is 4 - 4c?
-48
In base 4, what is 10 - -31?
101
In base 11, what is -1a + -46?
-65
In base 4, what is -1230 - -2?
-1222
In base 5, what is -1 + 1223?
1222
In base 7, what is 46 + 136?
215
In base 4, what is 11 + -313?
-302
In base 13, what is 3428 - -4?
342c
In base 3, what is 20 - -10010102?
10010122
In base 13, what is 22 - -2?
24
In base 11, what is 431 - -3?
434
In base 5, what is 43 + -14?
24
In base 6, what is -233 - 3?
-240
In base 4, what is 1031 - 1?
1030
In base 5, what is -10 + -10?
-20
In base 8, what is -4 + -55?
-61
In base 7, what is 0 + 156?
156
In base 10, what is 6 - -95?
101
In base 9, what is 37 + 2?
40
In base 3, what is 22 - -220?
1012
In base 14, what is -4 - d8?
-dc
In base 10, what is -4 - -75?
71
In base 6, what is 101 + 10?
111
In base 12, what is 63 - 7?
58
In base 8, what is 66 + 2?
70
In base 15, what is 85 - -3?
88
In base 11, what is -41 - -12?
-2a
In base 14, what is 2 + -75?
-73
In base 3, what is 0 + 101121?
101121
In base 7, what is -200 + -51?
-251
In base 10, what is 326 - 5?
321
In base 2, what is 10001 + 11?
10100
In base 14, what is 3 + -223?
-220
In base 7, what is -3 - -154?
151
In base 12, what is -4 - -14?
10
In base 3, what is 1001112011 - -10?
1001112021
In base 9, what is 5 - 11?
-5
In base 7, what is 23 - -14?
40
In base 8, what is -503 - -3?
-500
In base 11, what is -9 - -196?
188
In base 11, what is -275 + 0?
-275
In base 15, what is -456 - -5?
-451
In base 11, what is 0 + 133?
133
In base 6, what is 3541 + 1?
3542
In base 16, what is -2 + 82?
80
In base 7, what is -1 - 15?
-16
In base 8, what is 5 - 2?
3
In base 7, what is 1 - -642?
643
In base 2, what is -1111001 - -10100?
-1100101
In base 3, what is -2110 - -1201?
-202
In base 7, what is 12141 + -4?
12134
In base 13, what is -354 + 0?
-354
In base 8, what is -475 - 30?
-525
In base 8, what is -5 - 77?
-104
In base 9, what is -1154 + 13?
-1141
In base 9, what is -7 + -211?
-218
In base 15, what is -1 - 188?
-189
In base 9, what is 3 + -1?
2
In base 11, what is -43 - 0?
-43
In base 5, what is -122 + 221?
44
In base 7, what is 1032 - -3?
1035
In base 7, what is -3333 - 6?
-3342
In base 5, what is 24 - 211?
-132
In base 4, what is 101211 - -1?
101212
In base 10, what is 666 + 3?
669
In base 8, what is -12 - -5?
-5
In base 4, what is -320331 + -11?
-321002
In base 2, what is -100100001010 + -100?
-100100001110
In base 13, what is 36 + -12?
24
In base 10, what is -31 + -5?
-36
In base 14, what is 5 + -a5?
-a0
In base 2, what is -10 - 1001?
-1011
In base 3, what is -122011010 + 10?
-122011000
In base 9, what is 152 - 162?
-10
In base 11, what is 0 + -51?
-51
In base 12, what is 19 + 1a5?
202
In base 5, what is 3440 + -4?
3431
In base 16, what is 4a53 + -1?
4a52
In base 13, what is -118 - -4?
-114
In base 14, what is 2 + -11?
-d
In base 9, what is 2 - 312?
-310
In base 3, what is -1122 + 1021?
-101
In base 7, what is 4 + 101?
105
In base 10, what is 338 + -4?
334
In base 2, what is 10101000111000 + 100?
10101000111100
In base 9, what is -8 - -4?
-4
In base 8, what is -11 + 3?
-6
In base 9, what is 30 + -377?
-347
In base 10, what is -1 - -89?
88
In base 2, what is -1001100 + -10110010?
-11111110
In base 6, what is -3 - 113?
-120
In base 2, what is 11111111011 + 10?
11111111101
In base 3, what is 1022010 - 11?
1021222
In base 3, what is -2011 - -21?
-1220
In base 12, what is -5 - 2b?
-34
In base 4, what is -11 + 3102?
3031
In base 2, what is -100000 + -1010111000?
-1011011000
In base 8, what is 0 - 0?
0
In base 9, what is 5 + -3000?
-2884
In base 2, what is -111001101001 - -1?
-111001101000
In base 2, what is 110001 + 101?
110110
In base 9, what is -2328 - 2?
-2331
In base 2, what is 11000101 - 1?
11000100
In base 14, what is 19c1 + -3?
19bc
In base 16, what is 195 + -a?
18b
In base 12, what is -103a - 1?
-103b
In base 4, what is -110 - -23133?
23023
In base 15, what is 2b3 + 0?
2b3
In base 10, what is -144 + 21?
-123
In base 10, what is 1277 + 4?
1281
In base 14, what is -748 - -5?
-743
In base 2, what is 100001100101 + 1?
100001100110
In base 10, what is 1229 - 0?
1229
In base 4, what is -3113 + 30?
-3023
In base 7, what is 6 - -1100?
1106
In base 14, what is -4 - -2009?
2005
In base 16, what is -12 - -12?
0
In base 10, what is 5 - -80?
85
In base 16, what is 96 + -d?
89
In base 7, what is 22 - -160?
212
In base 13, what is b5 - 8?
aa
In base 6, what is 1 + 12520?
12521
In base 8, what is 1 - 1652?
-1651
In base 11, what is -756 + 4?
-752
In base 14, what is 453 - 0?
453
In base 4, what is 2 + 2203?
2211
In base 13, what is 20 + -c?
11
In ba